 of 6738934752?
True
Is 53 a factor of 197321968?
True
Does 4 divide 9197784?
True
Is 1747151721 a multiple of 379?
True
Does 3955 divide 956683615?
False
Is 14378320 a multiple of 55?
True
Does 80 divide 48872585?
False
Is 1376889821 a multiple of 7607?
True
Is 50237267 a multiple of 7?
False
Is 18639992 a multiple of 8?
True
Is 1382 a factor of 222452017?
False
Is 91545491 a multiple of 24?
False
Is 183559103 a multiple of 37?
False
Is 2624560731 a multiple of 21?
False
Is 38 a factor of 44003544?
True
Is 45624828 a multiple of 314?
True
Is 1106 a factor of 1170820448?
True
Is 54187928 a multiple of 4?
True
Does 70 divide 3181692430?
True
Is 663 a factor of 3643275?
False
Is 1256217402 a multiple of 66?
True
Is 5 a factor of 52319065?
True
Is 60 a factor of 3093840?
True
Is 558 a factor of 42668367?
False
Is 234290666 a multiple of 208?
False
Does 21 divide 17069829?
True
Does 42 divide 202537734?
True
Does 20 divide 1336405060?
True
Does 65 divide 2144507170?
True
Is 6660 a factor of 232254180?
True
Does 13 divide 2492887521?
False
Does 78 divide 1693900416?
True
Is 1442 a factor of 63965678?
True
Is 459 a factor of 56598372?
True
Is 37787575 a multiple of 12?
False
Is 991061244 a multiple of 942?
True
Is 311 a factor of 4332407270?
True
Is 2662380 a multiple of 6?
True
Is 17 a factor of 603335559?
True
Is 11237014 a multiple of 158?
False
Is 299734260 a multiple of 35?
True
Is 1649646546 a multiple of 13?
False
Is 10872281 a multiple of 467?
False
Does 206 divide 682232036?
True
Is 12 a factor of 76485850?
False
Does 72 divide 46102482?
False
Is 190 a factor of 7956820?
True
Is 2681622 a multiple of 114?
True
Is 14 a factor of 71342180?
True
Is 164122553 a multiple of 3?
False
Is 1432 a factor of 1546106056?
True
Does 57 divide 21080146?
False
Is 4 a factor of 1065996?
True
Does 4104 divide 391594063?
False
Does 16 divide 769372880?
True
Is 148982549 a multiple of 6?
False
Does 117 divide 4979949724?
False
Is 53374096 a multiple of 584?
True
Does 592 divide 74628913?
False
Is 131 a factor of 5001318?
True
Is 6 a factor of 192319862?
False
Does 51 divide 5201724?
False
Is 9 a factor of 1652030133?
False
Does 1193 divide 59754984?
True
Is 3410345 a multiple of 412?
False
Does 878 divide 58575922?
False
Does 1576 divide 213346623?
False
Is 935853613 a multiple of 16?
False
Does 1408 divide 23262976?
True
Is 256668533 a multiple of 149?
False
Is 57 a factor of 4234568304?
True
Is 1914679638 a multiple of 34?
True
Is 5740 a factor of 183967000?
True
Does 2025 divide 9669375?
True
Is 2 a factor of 95533441?
False
Is 207 a factor of 35178822?
True
Is 425 a factor of 402949725?
True
Is 93 a factor of 17076934?
False
Does 118 divide 38844579?
False
Is 475 a factor of 415881695?
False
Does 40 divide 10658714?
False
Does 2163 divide 88966285?
False
Is 8111065 a multiple of 251?
True
Does 815 divide 12593380?
True
Does 13 divide 24393785?
True
Is 59147360 a multiple of 16?
True
Is 1496491344 a multiple of 37?
True
Does 1209 divide 57541330?
False
Is 29 a factor of 74742425?
True
Does 2279 divide 66494383?
True
Is 99 a factor of 281028726?
True
Is 669763904 a multiple of 3228?
False
Is 101 a factor of 1724694483?
True
Is 184867313 a multiple of 280?
False
Is 480 a factor of 8368027?
False
Is 31 a factor of 12884685?
True
Is 13818064 a multiple of 31?
True
Is 5653241 a multiple of 335?
False
Is 256 a factor of 11246336?
True
Does 515 divide 36437908?
False
Is 242 a factor of 750818712?
False
Does 404 divide 65070155?
False
Does 64 divide 95959616?
True
Does 627 divide 1467474063?
True
Is 421 a factor of 69069240?
False
Does 51 divide 238541141?
False
Is 13961254 even?
True
Does 844 divide 15982828?
True
Does 10 divide 618099522?
False
Does 1757 divide 899513567?
False
Does 109 divide 105448684?
False
Does 28 divide 653254000?
True
Is 18 a factor of 16469622?
True
Is 3237 a factor of 1840205367?
True
Is 2600 a factor of 115663600?
True
Is 11534277 a multiple of 5?
False
Does 215 divide 120092536?
False
Does 373 divide 27379319?
True
Is 143 a factor of 274281722?
True
Does 14 divide 890208914?
True
Is 6799 a factor of 5545937501?
True
Is 9868680 a multiple of 1185?
True
Does 98 divide 7724978?
False
Does 150 divide 128008500?
True
Is 1774 a factor of 277898874?
True
Does 46 divide 19960365?
False
Is 19 a factor of 10022082?
True
Does 330 divide 15459510?
True
Is 11578567 a multiple of 559?
True
Does 1512 divide 26390448?
True
Does 4 divide 56416160?
True
Does 456 divide 355049005?
False
Does 453 divide 32346137?
False
Is 3 a factor of 2142585?
True
Is 421 a factor of 1482385?
False
Does 928 divide 162136834?
False
Does 1935 divide 93897810?
True
Does 3235 divide 37704330?
False
Does 14 divide 13181427?
False
Does 113 divide 604802329?
True
Is 9 a factor of 616472406?
True
Is 1128 a factor of 3626520?
True
Is 32090214 a multiple of 1086?
True
Does 3 divide 1088212000?
False
Does 127 divide 338654644?
True
Does 2454 divide 644002257?
False
Is 95391900 a multiple of 1245?
True
Is 3987 a factor of 62229096?
True
Does 17 divide 206538627?
True
Is 281 a factor of 187185113?
False
Does 780 divide 8626020?
True
Does 64 divide 9165824?
True
Does 1080 divide 54063389?
False
Does 42 divide 8448216?
True
Is 13 a factor of 1006049486?
True
Is 25 a factor of 59192125?
True
Is 3094 a factor of 1015428901?
False
Does 117 divide 8208840?
False
Is 2047 a factor of 32119477?
True
Is 2 a factor of 1435562?
True
Does 1047 divide 120856257?
True
Is 77 a factor of 762953191?
True
Is 4204966731 a multiple of 22?
False
Is 74584260 a multiple of 3540?
True
Is 11688 a factor of 3173497148?
False
Is 1220233904 a multiple of 99?
False
Does 2210 divide 61086610?
True
Is 12489700 a multiple of 2586?
False
Is 209524480 a multiple of 160?
True
Is 97 a factor of 2171884614?
False
Does 6 divide 1676608620?
True
Does 102 divide 1098544872?
False
Is 13 a factor of 181873328?
True
Is 154713925 a multiple of 238?
False
Is 4 a factor of 2939923?
False
Is 194 a factor of 7107190?
True
Does 30 divide 130447410?
True
Does 2600 divide 252413200?
True
Does 200 divide 61374267?
False
Does 1493 divide 398623465?
False
Is 165 a factor of 23064533?
False
Is 928193106 a multiple of 23?
True
Is 140558650 a multiple of 775?
True
Is 11 a factor of 17885388?
False
Does 121 divide 193652943?
False
Does 283 divide 412852519?
False
Is 12489820 a multiple of 20?
True
Is 12 a factor of 191542236?
True
Is 15 a factor of 162236719?
False
Is 42 a factor of 34698300?
True
Is 28540475 a multiple of 338?
False
Does 6 divide 41000406?
True
Is 2831 a factor of 26917210?
False
Is 524000568 a multiple of 42?
True
Does 18 divide 213839700?
False
Does 126 divide 8861958?
True
Is 64 a factor of 526567488?
True
Is 90 a factor of 439646636?
False
Does 2 divide 1774183?
False
Does 247 divide 33360782?
False
Is 511042200 a multiple of 587?
True
Does 1297 divide 149546694?
True
Is 26462613 a multiple of 1445?
False
Is 3 a factor of 12217392?
True
Does 12 divide 1506132422?
False
Is 23727072 a multiple of 8?
True
Does 204 divide 360588156?
True
Does 43 divide 29965834?
False
Does 20 divide 2033814600?
True
Does 29 divide 85399113?
True
Is 1198140 a multiple of 60?
True
Is 13 a factor of 47744892?
True
Is 7340953 a multiple of 9?
False
Is 37508462 a multiple of 310?
False
Does 20 divide 1717332?
False
Does 442 divide 50474900?
False
Is 8719 a factor of 1998437275?
False
Does 34 divide 214178883?
False
Is 5 a factor of 54470330?
True
Is 180293675 a multiple of 59?
True
Is 11916106 a multiple of 32?
False
Does 97 divide 2767598471?
True
Is 911 a factor of 734971114?
True
Is 874 a factor of 54861854?
True
Is 16 a factor of 18375575?
False
Is 1243853583 a multiple of 464?
False
Does 4 divide 6808760?
True
Does 254 divide 4813808?
True
Is 181 a factor of 90297913?
False
Does 331 divide 44543663?
True
Is 125075958 a multiple of 1139?
False
Is 134 a factor of 439166106?
True
Is 3287 a factor of 1047819999?
True
Is 957 a factor of 149567747?
False
Is 1232274846 a multiple of 134?
False
Is 20464236 a multiple of 2847?
True
Is 1422811 a multiple of 26?
False
Is 1121 a factor of 1620266507?
False
Is 3464 a factor of 604401770?
False
Does 385 divide 854395080?
True
Does 12 divide 29744028?
True
Is 2511830 a multiple of 670?
True
Is 870584 